 3
-7
Calculate 6 + -19 + 10 + 10.
7
Calculate 3 - (4 - 1) - 4.
-4
Calculate 6 - 19 - -16 - (2 + -7).
8
What is the value of -16 + 13 - (1 - -5)?
-9
Calculate 5 - 4 - 10 - -4.
-5
-5 - ((-17 - (-4 + 4)) + 5)
7
Evaluate 3 + -7 - (4 + -3) - 1.
-6
Evaluate -26 - -13 - -6 - 0.
-7
Calculate -5 - (2 - (7 - (8 + 0))).
-8
-3 + 2 + -3 + -1 + 3
-2
What is 17 + -15 + 1 + -3?
0
What is -5 + 13 + -4 - 2?
2
Calculate 1 - (6 - (-2 + 3 + 0)).
-4
Calculate -1 + 33 + -25 + (-1 - 0).
6
-10 + 9 - (-3 + 2) - 3
-3
What is -5 - ((0 - (-10 - -3)) + -7)?
-5
1 + (4 + -4 - (2 + 3))
-4
Evaluate 4 + (-2 + -11 - -4).
-5
Calculate 4 + 1 + 3 + -1 - 5.
2
What is -4 - (-8 - (4 - 5 - 4))?
-1
Calculate (4 - ((-3 - -1) + 2)) + -12.
-8
What is -5 + 9 - (6 - 1)?
-1
Evaluate 3 + 12 + -7 - 4.
4
What is the value of -3 + (-4 - -1) + 1?
-5
Evaluate 1 - (0 + (2 - (-2 + 6))).
3
What is the value of (-8 - -7) + 0 + 6?
5
Evaluate 3 - 7 - (-1 - -2) - -10.
5
What is the value of 4 + 6 + -3 - (1 + -1)?
7
Evaluate -11 + -12 + 23 - (-2 + 1).
1
Calculate 2 + -6 - (-2 - 2).
0
What is 3 + -4 + (3 - -2) + -2?
2
What is 0 + -2 + (-11 - -11) + -3?
-5
What is the value of -17 + (-9 - -10) - -10?
-6
What is 7 + (-3 + (1 - 4) - -5)?
6
What is -1 - (3 + -4) - -2 - 7?
-5
What is the value of 0 - -1 - (1 + 1 + 1)?
-2
Evaluate 4 + (-4 - (-5 - -4)).
1
-5 + 9 - 4 - -5
5
9 - (0 + (10 - 6))
5
What is the value of 3 - ((7 - -4) + -3 + -1)?
-4
2 + (-2 - -1 - (-12 + 16))
-3
Evaluate -1 - (-6 - 5) - 4.
6
What is 3 + (0 - (-2 + 5))?
0
What is (-14 - -9) + 1 + 10?
6
What is (-4 + 3 - -1 - 3) + 5?
2
Evaluate 4 + (5 - 3) + (2 - 2).
6
What is the value of -31 + 25 - (-1 - 1)?
-4
What is 8 - 9 - (7 - 1)?
-7
What is the value of (-1 - (0 + 1 - 0)) + 2?
0
What is the value of -1 + ((2 - 4) + 3 - 2)?
-2
Evaluate 1 + -8 + (2 - -7).
2
What is the value of 20 + -13 - 5 - -4?
6
-1 + (13 - 16) - (-1 - -2)
-5
Calculate -13 - -9 - -9 - 10.
-5
What is 28 + -33 - (-10 - 0)?
5
Evaluate -39 - -33 - (1 + -6).
-1
Calculate (-1 - 21) + (1 - -12).
-9
(1 - -3) + 1 + (-3 - -1)
3
1 - 0 - (0 - (0 + -5))
-4
-4 - ((-19 - -5 - -4) + 5)
1
What is the value of (8 - (1 - -8)) + 2?
1
What is the value of (0 - 3 - (-2 - 0)) + 1?
0
What is the value of 4 - (-2 - -9 - (1 + -2))?
-4
What is the value of -4 + -7 + 10 + 3?
2
Evaluate (3 + -2 + -1 - 0) + 0.
0
What is (3 - 0) + (-6 - (-3 - 0))?
0
-6 + -2 - (-4 + -10)
6
Calculate -4 - (2 + -5 + 0 + -2).
1
Calculate 9 - 1 - (7 - -7).
-6
What is the value of (-7 - -16) + 0 + -1 + -3?
5
Calculate (2 - (-2 - -4)) + 7 + -4.
3
Evaluate 1 + 0 + 2 + (0 - -2).
5
What is the value of -8 - -1 - (29 + -32)?
-4
Evaluate (1 - (-2 + 0)) + 2.
5
What is the value of 24 + -22 + (1 - 7)?
-4
Evaluate -1 - (6 + 0 - (8 - 0)).
1
Evaluate 17 + -10 + (-1 - (0 + 5)).
1
Evaluate -121 + 132 - (-1 - -19).
-7
What is the value of 3 + 3 + -2 + -6?
-2
What is -5 + -2 + (8 - 4)?
-3
What is 0 + 1 + 4 - (2 - -1)?
2
Calculate -2 - (2 + -11 - -5).
2
What is (-1 - (0 + -5)) + 1 - 5?
0
Evaluate -4 - (-4 + 2 + -2 + 2).
-2
What is 5 - (-7 - (-1 - (-4 - -8)))?
7
What is 0 + -2 - (3 + (3 - 5))?
-3
5 + 6 + (-12 - 2)
-3
What is 2 - (2 - -2) - (5 - 4)?
-3
Evaluate -4 + (7 - (2 - 0)).
1
Calculate -38 - -35 - ((2 - 4) + 5).
-6
Calculate -2 + (-6 - -21) + -7.
6
(8 + -12 - (2 + -1)) + 3
-2
Evaluate (-2 + (-2 - -14) - 5) + -10.
-5
Evaluate 0 + 5 + -8 - -4.
1
Calculate 4 - 3 - (3 - 4 - -2).
0
Calculate (-2 - 4) + 8 + -1 + -2.
-1
What is 3 - 5 - (-3 + 6)?
-5
-2 + 2 + 6 - 3
3
What is (24 - (18 - -3)) + (-1 - 3)?
-1
What is (-12 - -8) + (0 - 1)?
-5
What is the value of 0 - (2 - 5) - 1?
2
4 - (0 - 0 - (-14 - -12))
2
What is the value of 7 - (19 - (6 - -4))?
-2
Evaluate 5 + -11 + -1 + 2.
-5
Evaluate 8 + 4 + -17 + 7.
2
What is -8 - (-2 + -4 + 9 - 4)?
-7
0 + (0 - (-2 - 0))
2
(-31 + 17 - -18) + -7 + -1
-4
Evaluate 0 + (0 - -1) + -1 + 3.
3
What is -1 + (-3 - (-4 + 0 + -1))?
1
-9 + 0 + -1 + 10
0
Calculate -3 + (3 - 0) - -3.
3
Calculate -1 + (2 - 0) - (-3 - -1).
3
Calculate -7 + (6 - (14 - 9)).
-6
What is the value of (-1 - (-2 + -3)) + -2 + 0?
2
Evaluate (-16 - (-7 - 2)) + (2 - -1).
-4
Calculate 5 + -2 + 1 - (2 + 8).
-6
Calculate -4 + 8 + -7 + (-1 - -5).
1
What is the value of 16 - 16 - (5 + -2)?
-3
What is (13 - (2 + 2)) + -11?
-2
16 + -11 + (-3 - 0) + -4
-2
-7 - (-6 + (16 - 10))
-7
What is the value of -77 + 58 - (-1 - 11)?
-7
What is the value of 4 - ((6 + -7 - -1) + 0)?
4
2 - (5 + (-14 - -9))
2
What is the value of (-4 - -3) + -5 + 4?
-2
(2 - (1 - -3)) + (-3 - -7)
2
What is -8 - (-10 + 1 + 5)?
-4
27 + -29 + (1 - -5)
4
What is the value of 1 + 2 - (3 + -2 + 0)?
2
Evaluate -8 + (7 - 6) - -13 - -2.
8
Evaluate -7 - ((5 - -1 - 6) + -5).
-2
Evaluate 20 + -21 - ((0 - -1) + 0).
-2
What is 1 + 4 + -4 + 0 + 0?
1
What is (-1 + -1 - -4) + -2 + -3?
-3
What is 0 - 8 - -3 - -3?
-2
-6 + (1 - 6) + -23 + 29
-5
-9 - (-33 + 3 + 11)
10
Evaluate -3 - (7 - (-3 - -17) - -2).
2
-1 + -7 - (129 + -136)
-1
What is the value of (-1 - 0) + -1 + (-1 - -4)?
1
Evaluate -5 - ((1 - 0 - -1) + -2).
-5
Evaluate 1 + 2 + -1 + 2.
4
4 + 0 + (-6 - 3)
-5
12 + (-2 - 4) + -12
-6
What is the value of -3 + -2 + 16 + -11?
0
Evaluate -3 - -4 - (2 + -3).
2
What is the value of -6 - ((1 - 2) + (16 - 24))?
3
What is the value of -1 + (6 - (0 - -4))?
1
What is -14 + 2 - (-41 - -35)?
-6
What is (9 - (1 - -5)) + -1 + 2?
4
Evaluate -11 + 7 + 1 + -2.
-5
Evaluate -1 + 9 - (-13 + 23).
-2
What is 1 + (1 - 0) - (41 + -40)?
1
What is the value of 5 - (13 + -3) - -4?
-1
6 - ((1 - 0) + (0 - -4))
1
What is the value of -3 - (5 + -8) - 2?
-2
What is the value of 3 + (-11 - -4) + 6?
2
Calculate (0 - 2) + (-2 + 4 - -5).
5
Calculate (-5 - -7 - -4) + 1 + -2.
5
(-6 - -5 - -16) + -6 - 4
5
Evaluate 4 + 0 + 17 + -18.
3
What is the value of 0 + -1 + (-28 - -33)?
4
What is the value of -1 + -4 + 6 + 3 - 1?
3
What is 15 - 14 - (-1 + -2)?
4
What is the value of (6 - 6) + 6 + -8?
-2
9 - ((7 - 0) + -4) - -1
7
Evaluate -3 + (4 - -9) - 6.
4
Calculate 2 + (4 + -7 - -3).
2
(-3 - -9) + -8 + 10
8
-1 - (-4 - ((6 - 2) + -3))
4
What is -10 - (2 + 4 + -10) - -11?
5
Evaluate 6 - -1 - 9 - -5.
3
Calculate 13 + -10 - (-13 + 9).
7
0 + (-8 - -14) + -10
-4
Calculate -10 + 13 - ((2 - 0) + 5).
-4
Evaluate -7 + 11 - -2 - 1.
5
-7 + (-12 + 6 - -11)
-2
(3 - 0) + -5 + 12 + -7
3
-2 - (6 + (0 - 2 - 1))
-5
Calculate -3 - (-4 + 1 + 0).
0
What is the value of 3 + (0 + -12 + 4 - -11)?
6
(0 - 2) + (-4 - -4) + 5
3
Calculate 0 + -9 - (-7 + 5 + -5).
-2
Evaluate 0 + 1 + (2 - 2).
1
What is the value of 4 - (-2 + 0 - (-21 + 15))?
0
What is the value of 8 + -6 + 6 + 4 + -23?
-11
What is the value of (2 - -2) + 1 + -2 + 0?
3
Calculate 0 - -2 - (14 + -8).
-4
Calculate -1 + 2 + (0 - (-4 + 0)).
5
Evaluate 3 + -9 + (3 - -1).
-2
What is the value of 1 + 4 + (-5 - 5)?
-5
6 + -6 + -2 + (6 - 1)
3
What is the value of -6 + (17 - 8 - 5)?
-2
-1 + 1 - -2 - (20 - 19)
1
What is the value of 6 + (-1 - (-6 + 5))?
6
Evaluate 1 + -3 - (0 + 3).
-5
What is (5 - (6 + -3)) + 4?
6
What is the value of -12 + -2 + 21 - (6 - 1)?
2
28 - 30 - (-1 + -8)
7
What is -1 - 24 - -10 - -11?
-4
What is (6 + (0 - 2) - 7) + 0?
-3
What is the value of (2 - -2) + 0 + -6 + -1?
-3
What is the value of 35 + -30 - (1 - -1)?
3
Evaluate 7 - (4 - -5) - (-3 + 0).
1
What is the value of 1 + (-8 - 0) - -7?
0
Evaluate 2 - 6 - (5 + -12).
3
(0 - 4) + 21 + -21
-4
What is the value of -3 + (5 - (7 + -9))?
4
(0 - (-4 - -6)) + 4
2
Evaluate 2 + (2 - 3) - (0 - 2).
3
Calculate 5 - (10 - (18 - 7)).
6
What is the value of 2 + 2 + (-4 - -8) - 5?
3
Evaluate (-6 - -1 - -7) + 3 + 0.
5
Calculate 3 + (0 - 0 - 4 - 0).
-1
4 + -1 + (-2 - -2)
3
What is 1 - 1 - 1 - (13 + -9)?
-5
What is -7 + 9 + -1 + 4?
5
What is the value of 3 - (-1 + 0 + (8 - -1))?
-5
What is the value of -12 + 11 + 6 - (2 - -10)?
-7
What is -7 - (-6 + (-3 - (4 + -10)))?
-4
What is -2 + (34 - 32 - (4 - 1))?
-3
Evaluate -1 - ((-2 - 1) + 5).
-3
Evaluate 35 + -36 - (0 + -3).
2
What is the value of 3 - ((-19 - -5) + 5 - -6)?
6
What is -3 + 9 + -4 + 0 + 3?
5
Calculate (7 - 10) + -3 + 0 + 1.
-5
-34 + 32 - (4 - (2 - 3))
-7
-5 - (4 + (-1 - 1) - 6)
-1
Evaluate 1 + 2 + 2 + -1 + -8.
-4
-5 - (-9 - (-1 + -7))
-4
Calculate (-2 - -2) + (11 + -17 - -11).
5
Evaluate 11 + 4 + -10 - 5.
0
What is -9 + 19 + -6 + -9 + 9?
4
Evaluate 1 + (-2 + 7 - 4).
2
What is (-82 - -70) + 0 + 7?
-5
Evaluate (-6 - (-1 - 